). Let l(a) = 2*a**2 + 9*a. Let h be l(-5). What is the highest common factor of h and s?
5
Let b = 218 + -208. Calculate the highest common factor of b and 160.
10
Suppose -z = -6*z + 2*y + 3354, -1347 = -2*z - y. Calculate the greatest common factor of z and 42.
42
Let z be -6 + 4 + -4 + 1. Let y be (-52)/2 + (-5 - z). Let o = -12 - y. What is the highest common factor of o and 14?
14
Let y = -682 - -848. What is the highest common divisor of y and 1909?
83
Suppose 1 = -n, 28 + 18 = 3*i + 5*n. What is the highest common divisor of i and 459?
17
Let x = -855 + 915. What is the greatest common divisor of x and 645?
15
Let s(m) = 3 - 3*m - m + 12 + 1. Let d be s(-19). Calculate the highest common divisor of 23 and d.
23
Suppose -5*k + k + 320 = 0. Let m(x) = -x + 0 + 3 + 1 + 0*x. Let z be m(-6). What is the greatest common factor of z and k?
10
Let v(y) = 11*y**2 + y. Let b be v(-1). Let q be -12 + (135 - (-169)/(-13)). What is the greatest common factor of q and b?
10
Suppose 5*n = 5*g - 1945, 4*g - g - 1163 = 5*n. Calculate the highest common factor of 23 and g.
23
Let a(c) = -4*c + 18. Let b be a(6). Let g be 212/26 + b/39. Calculate the highest common divisor of g and 4.
4
Let s(u) = u**3 - 5*u**2 - 7*u + 9. Let y be s(6). Suppose -5*z = 25, -y*q - 3*z + 25 = -2. Calculate the greatest common factor of 56 and q.
14
Let r = 199 + -183. Let p be (4/(-6))/(6/(-45)). Suppose 4*v + 100 = 3*d, 0 = -5*d - 0*d + p*v + 165. Calculate the highest common divisor of r and d.
16
Suppose -5*i = 5*k, i - 2*k - 14 + 5 = 0. What is the greatest common factor of 87 and i?
3
Let h(t) = -9*t + 61. Let p be h(-12). Suppose -q - 15 = -p. Calculate the highest common divisor of q and 14.
14
Suppose -k = -40 - 0. Suppose 6*y - 661 - 1259 = 0. Calculate the greatest common factor of k and y.
40
Suppose -b + 4*b = 36. Let p be (-2)/(-12) - (-94)/b. Suppose 0 = 2*t - 6, -p*y + 5*t = -3*y - 545. Calculate the highest common divisor of y and 16.
16
Suppose 23*n - 4800 = -9*n. What is the highest common divisor of 25 and n?
25
Suppose 19*q - 784 = 15*q. What is the highest common divisor of 28 and q?
28
Let h be 1981/11 + (-1)/11. Let n be 2/5 + (-716)/(-10). What is the highest common divisor of n and h?
36
Let b = 16 - 14. Suppose -b*w - d = -3, 5*w = w - d + 9. Suppose -412 = -4*z - 4*m, 3*z - m + w*m = 305. Calculate the highest common factor of 9 and z.
9
Suppose 101 = 3*u - 2*o, -4*u + o - 131 = -8*u. What is the greatest common factor of u and 946?
11
Suppose j + 11 = 5*k, 2*k - 5*k + 1 = 5*j. Suppose 79 = k*d - 81. Suppose -3*g + d = g. What is the highest common divisor of 30 and g?
10
Let x(q) = 18*q - 16. Let h(s) = 3*s - 15. Let t be h(7). Let k be x(t). What is the greatest common divisor of k and 23?
23
Let j be 40/3 + (8/3)/(-2). Calculate the highest common factor of j and 324.
12
Let n(v) = 1. Let r(j) = j**3 + 8*j**2 + 19*j + 8. Let g(l) = 4*n(l) - r(l). Let u be g(-4). What is the highest common factor of 1 and u?
1
Suppose 0 = 4*f - 4*y - 23 - 165, -4*f - y = -208. Calculate the greatest common factor of f and 357.
51
Let r be (406/3)/2 - 127/(-381). Calculate the highest common divisor of 34 and r.
34
Let z = -19 - -33. Let t be z - 1*(-3 - -7). What is the greatest common divisor of 40 and t?
10
Suppose -9*d - 2*d + 1001 = 0. Calculate the greatest common factor of 14 and d.
7
Let f be (-2)/(-6)*1*9. Suppose -n = -f*v + 37, 0 = -v - 0*v + n + 9. Calculate the highest common factor of v and 35.
7
Suppose 4*i + 2*u = 356 + 118, i - 5*u = 146. Let n = 15 - 4. Calculate the greatest common divisor of i and n.
11
Suppose 0 = 2*a + 2*a + 64. Let z = -3 + a. Let l = 36 + z. What is the highest common factor of l and 17?
17
Let y(o) = -4*o - o - o + 5*o + 6. Suppose -4*l + f + 5 = -0, -l + 5*f = -25. Let g be y(l). What is the highest common factor of 42 and g?
6
Suppose 0 = -2*b + 3*b. Let m be (50 + b)/(19/76). What is the highest common factor of m and 25?
25
Let p be (-774)/(-6) + (-4 - 1). Suppose -5*s + 5*w + 70 = 0, -5*s + p = 4*w + 36. Calculate the highest common divisor of s and 12.
4
Let l be (140/(-20))/(-2 - -1). Let a = 1 - -1. Suppose 5*v = a*q - 33, 2*q - 4*q + 2*v = -30. What is the highest common divisor of q and l?
7
Let c = 303 - 105. Calculate the greatest common divisor of c and 18.
18
Suppose -5*z + i - 165 = 6*i, 2*z + i + 63 = 0. Let p = -10 - z. What is the highest common divisor of 50 and p?
10
Let v = -90 - -88. Let l be v*5*(-60)/8. What is the highest common divisor of 30 and l?
15
Let u be 704/(-28) - (-2)/14. Let q = 27 + u. What is the highest common factor of 14 and q?
2
Suppose -183*m - 32 = -185*m. Calculate the greatest common divisor of m and 368.
16
Let w be (-6 - (-416)/24)*(-9)/(-6). What is the greatest common factor of w and 1887?
17
Let t(u) be the first derivative of 7*u**2/2 + 11*u + 1. Suppose 14*d = 20*d - 60. Let p be t(d). Calculate the highest common factor of 9 and p.
9
Suppose -37 = -2*y - 3*b, -4 = 5*b + 1. Let d = 22 + y. Calculate the greatest common divisor of d and 70.
14
Let d(a) be the first derivative of 1/2*a**2 - 1/4*a**4 + 2*a - 2 + 5/3*a**3. Let r be d(5). Calculate the highest common divisor of r and 1.
1
Let y(i) = i**2 + 3*i + 16. Let x = -51 - -44. Let u be y(x). What is the greatest common divisor of u and 11?
11
Let n = 17 - 17. Suppose n = -y + 5 - 0. Suppose y*c - c - 56 = 0. What is the greatest common divisor of c and 98?
14
Suppose 4*w = -0*w + 20. Let k = 29 + w. Calculate the greatest common factor of 51 and k.
17
Let r(m) = -m**3 + 6*m**2 - m + 5. Let n be r(5). Let p be (-1)/(21/12 + -2). Let i be ((-30)/9)/(p/(-330)). Calculate the greatest common factor of n and i.
25
Let b = -17 - -22. Suppose -4*a + 5*a = b*o - 46, -2*o = -4*a - 4. Calculate the highest common factor of 5 and o.
5
Let o be 142*(-2 - 20/(-8)). What is the highest common factor of 1207 and o?
71
Suppose -9*u = 6*u - 735. Suppose u = 2*a - 71. What is the highest common factor of a and 40?
20
Let n = 75 - 55. Let m = 13 + -3. What is the greatest common factor of n and m?
10
Let b(d) = 16*d**2 + 14*d - 22. Let t be b(7). Let r = t + -585. Calculate the greatest common divisor of r and 25.
25
Let i = 406 - 121. What is the greatest common divisor of 15 and i?
15
Let u(t) = -4*t + 2. Let r be u(2). Let l be 464/48 - (-4)/r. Suppose 2*m = l*m - 56. What is the highest common divisor of m and 1?
1
Let t(h) = 4*h**3 + h**2 - 1. Let c be t(3). Suppose 330*k = 57*k + 7917. What is the greatest common factor of c and k?
29
Let n = -602 - -667. Calculate the greatest common divisor of 845 and n.
65
Let o = 13 - 14. Let a(x) = 4*x**2 + 2*x + 1. Let t be a(o). Suppose 7 = -t*q + 25. Calculate the greatest common divisor of 2 and q.
2
Suppose u = -3*u + 2*z + 62, 0 = 3*u + 2*z - 64. Suppose k - 5*y - 34 = 0, u = k + y - 2*y. Calculate the highest common factor of 182 and k.
14
Let m(n) = -10 + 4*n + 5*n - 13 + 4. Let w be m(3). Calculate the greatest common divisor of 72 and w.
8
Let s(u) = 3*u**3 - 99*u**2 + 21*u + 32. Let z be s(34). Calculate the highest common divisor of z and 86.
86
Suppose 0 = 5*l - 3*h + 5*h - 495, -3*l = -5*h - 297. What is the highest common factor of l and 27?
9
Suppose -229*c - 3*h + 89 = -227*c, -c + 2*h = -62. What is the greatest common factor of 143 and c?
13
Let s be (48/84)/((-2)/(-7)). Suppose 3*b + 39 = n - 0*b, s*n - 4*b - 84 = 0. What is the greatest common divisor of n and 16?
16
Suppose 0 = 2*r - 2*b - 14, 35*r - 37*r = 4*b - 2. Suppose 3*j + 5*h = 55, 3*j + 4*h - 9 = 2*j. What is the greatest common divisor of j and r?
5
Let y be (-10)/15*-12 + 0. Let m be (0 - y)/((-4)/30). What is the greatest common divisor of 12 and m?
12
Let s = -2355 + 3705. What is the greatest common factor of s and 50?
50
Let b be 8/10*(-2700)/(-36). Calculate the highest common factor of 4 and b.
4
Let u(v) = -v + 2. Let c be u(-2). Suppose 2*t = c*t - 12. Suppose 69 = 4*s - 147. What is the greatest common divisor of s and t?
6
Let v(n) = n**3 + 10*n**2 + 6*n - 7. Suppose -4*u - 3*w - 48 = 0, -25 = 6*u - u - 5*w. Let j be v(u). Calculate the highest common divisor of j and 4.
4
Let n = 680 + 493. What is the highest common factor of n and 51?
51
Suppose 62*m - 3614 = 1842. Calculate the highest comm